 -2222000 (base 3) to base 2.
-100001110000
What is 11111111011 (base 2) in base 13?
c12
Convert -5373 (base 10) to base 3.
-21101000
-6615 (base 10) to base 5
-202430
What is -22bc5 (base 13) in base 16?
-f830
Convert -11000 (base 2) to base 11.
-22
Convert -b8f (base 16) to base 7.
-11425
-2a0 (base 13) to base 10
-468
What is -11011030 (base 4) in base 12?
-10064
Convert 142351 (base 7) to base 15.
813a
Convert 110010111001 (base 2) to base 5.
101012
61b6 (base 12) to base 13
4b03
What is 611 (base 7) in base 14?
178
-10001001000001 (base 2) to base 16
-2241
What is -3c0b (base 14) in base 5?
-314340
-d308 (base 14) to base 13
-1367b
Convert 2112044 (base 5) to base 15.
a6b9
What is -16033 (base 7) in base 8?
-10603
What is -12221001 (base 4) in base 13?
-c4c5
What is 10501 (base 6) in base 2?
10111000101
What is 45301 (base 6) in base 4?
1203211
What is -242a5 (base 11) in base 13?
-12bb6
101010110100001 (base 2) to base 3
1010001220
-c5c (base 16) to base 14
-1220
What is -18180 (base 10) in base 5?
-1040210
-18b08 (base 12) to base 9
-54528
1243 (base 8) to base 10
675
52c9 (base 13) to base 5
331423
-582 (base 11) to base 2
-1010110111
Convert -30013210 (base 4) to base 10.
-49636
-36313 (base 9) to base 6
-304320
What is 6485 (base 15) in base 16?
531b
What is 4030 (base 7) in base 2?
10101110001
-4278 (base 13) to base 5
-243400
511 (base 9) to base 7
1132
What is -1514 (base 13) in base 8?
-5763
Convert 330304 (base 5) to base 16.
2c41
11351 (base 7) to base 11
2221
What is 201430 (base 5) in base 2?
1100101011010
Convert 142 (base 12) to base 5.
1234
Convert 152 (base 11) to base 15.
bd
What is -136 (base 14) in base 11?
-202
What is -11011110011 (base 2) in base 10?
-1779
Convert 44 (base 10) to base 8.
54
1a88 (base 12) to base 8
6310
-115330 (base 6) to base 3
-112002200
Convert 111 (base 15) to base 2.
11110001
What is -111727 (base 9) in base 16?
-10573
1226b (base 14) to base 2
1010110101100111
Convert 13c3 (base 16) to base 2.
1001111000011
221210 (base 3) to base 11
583
What is -265 (base 15) in base 3?
-202012
Convert 711 (base 10) to base 13.
429
Convert -553 (base 7) to base 16.
-11b
What is -197e (base 16) in base 4?
-1211332
Convert 11123022 (base 4) to base 14.
8150
Convert -162 (base 7) to base 14.
-69
-17a83 (base 11) to base 2
-110001010101011
What is 7c (base 16) in base 10?
124
3666 (base 7) to base 8
2533
23a9 (base 12) to base 9
5453
Convert -100101011110 (base 2) to base 12.
-147a
What is 11969 (base 11) in base 13?
7a52
Convert 12 (base 12) to base 15.
e
Convert -101110001000 (base 2) to base 7.
-11415
Convert 673 (base 15) to base 7.
4152
-1273 (base 16) to base 7
-16525
What is 231 (base 7) in base 13?
93
What is 11110100001 (base 2) in base 15?
8a3
Convert a6 (base 14) to base 4.
2102
1550 (base 7) to base 12
43b
What is 2051 (base 6) in base 8?
717
-24 (base 8) to base 12
-18
Convert -2441034 (base 5) to base 15.
-db2e
What is -11010000111 (base 2) in base 11?
-128a
What is -36353 (base 8) in base 5?
-444340
34 (base 11) to base 6
101
What is 175 (base 9) in base 7?
302
What is 224000 (base 5) in base 10?
8000
Convert -1014 (base 11) to base 10.
-1346
What is -3c4 (base 14) in base 12?
-534
399 (base 10) to base 5
3044
2178 (base 9) to base 11
1234
Convert 1c2 (base 15) to base 4.
12113
Convert 23132011 (base 4) to base 13.
184cc
What is -299 (base 11) in base 7?
-1010
What is 43652 (base 8) in base 2?
100011110101010
437 (base 8) to base 3
101122
What is 42233 (base 5) in base 15?
c7d
What is 31a3 (base 13) in base 5?
210033
Convert 45201 (base 7) to base 4.
2302122
What is -13151 (base 9) in base 4?
-2022223
What is d8b (base 15) in base 14?
1184
1100010001101101 (base 2) to base 12
25125
b965 (base 13) to base 3
1022100111
12654 (base 8) to base 13
26aa
Convert -6f (base 16) to base 3.
-11010
1015 (base 7) to base 11
2a3
Convert -12222222 (base 3) to base 11.
-3316
What is -3414 (base 5) in base 10?
-484
Convert -d6 (base 16) to base 15.
-e4
What is -12175 (base 9) in base 16?
-1fe8
Convert -10010011010000 (base 2) to base 6.
-111344
What is -6123 (base 16) in base 2?
-110000100100011
What is 12163 (base 7) in base 8?
6155
Convert -122020 (base 3) to base 16.
-1d1
420001 (base 6) to base 13
12451
What is 386 (base 16) in base 3?
1020102
Convert 401 (base 12) to base 13.
355
201 (base 13) to base 8
523
What is -6607 (base 9) in base 13?
-22a5
Convert 9b2 (base 12) to base 7.
4112
What is -3275 (base 10) in base 6?
-23055
What is 222 (base 7) in base 3?
11020
What is -4a22 (base 12) in base 9?
-12438
Convert -13563 (base 7) to base 11.
-2882
Convert 332303 (base 5) to base 9.
16784
What is 127175 (base 8) in base 12?
21a25
What is -3499 (base 11) in base 7?
-16240
What is 595 (base 12) in base 10?
833
-2433 (base 14) to base 4
-1202231
What is 2ed (base 15) in base 2?
1010100001
Convert -5106 (base 11) to base 4.
-1221332
Convert 1111 (base 13) to base 15.
a8a
Convert -1d2 (base 16) to base 6.
-2054
What is 6879 (base 14) in base 5?
1040024
Convert 45530 (base 6) to base 15.
1dac
What is 254 (base 7) in base 14?
9b
Convert -2176 (base 11) to base 4.
-230302
What is -921 (base 11) in base 7?
-3146
-159 (base 10) to base 13
-c3
-55065 (base 7) to base 4
-3113013
What is 14a9 (base 12) in base 7?
10044
What is -45344 (base 7) in base 16?
-2cea
Convert 1020012 (base 4) to base 6.
33210
-1304 (base 7) to base 13
-2c0
102346 (base 8) to base 9
51602
-212022210 (base 3) to base 6
-210420
What is -81830 (base 9) in base 5?
-3211032
e9a (base 15) to base 8
6337
Convert -2150 (base 13) to base 9.
-6312
Convert 2e3 (base 15) to base 13.
3c0
What is 331200 (base 4) in base 8?
7540
Convert 3037 (base 9) to base 11.
173a
What is -16425 (base 8) in base 15?
-2315
Convert 11111100 (base 2) to base 6.
1100
-2210210 (base 4) to base 3
-112110002
What is 1be2 (base 15) in base 8?
13656
What is 632 (base 12) in base 16?
386
-597 (base 14) to base 2
-10001011001
What is 13313 (base 5) in base 7?
3105
112102 (base 3) to base 14
1db
Convert 15606 (base 8) to base 6.
52342
-1074 (base 9) to base 8
-1434
Convert -a9 (base 11) to base 6.
-315
Convert 3347 (base 8) to base 6.
12103
What is 641 (base 9) in base 15?
24d
4909 (base 13) to base 3
112011011
-1110000 (base 4) to base 10
-5376
7269 (base 10) to base 15
2249
What is 2335 (base 7) in base 10?
859
Convert 1001000111010011 (base 2) to base 5.
2143311
-271 (base 10) to base 16
-10f
Convert 1000101111101 (base 2) to base 8.
10575
24413 (base 6) to base 9
4850
1d1 (base 14) to base 2
101111011
20113 (base 4) to base 9
654
What is 10 (base 12) in base 9?
13
Convert -260 (base 14) to base 7.
-1250
-422 (base 6) to base 5
-1113
Convert -256 (base 14) to base 8.
-724
Convert 21200012 (base 3) to base 2.
1010111011010
Convert -3126 (base 8) to base 11.
-1245
What is -1936 (base 14) in base 7?
-16166
Convert -c2a (base 13) to base 15.
-929
What is 20455 (base 7) in base 6?
35154
Convert -99c (base 13) to base 16.
-672
Convert -20b (base 14) to base 13.
-250
What is 111220 (base 3) in base 9?
456
What is 247 (base 16) in base 6?
2411
180 (base 13) to base 14
157
-2ed (base 15) to base 10
-673
Convert -301411 (base 5) to base 11.
-7243
-10000010 (base 2) to base 13
-a0
Convert 23132132 (base 4) to base 11.
32353
What is 34b (base 14) in base 15?
2da
Convert 121033 (base 5) to base 10.
4518
68615 (base 9) to base 11
31374
Convert -3767 (base 12) to base 9.
-8537
Convert -11342 (base 5) to base 10.
-847
Convert -72 (base 8) to base 10.
-58
13 (base 7) to base 5
20
Convert 32101 (base 5) to base 2.
100001100111
Convert 66a (base 14) to base 5.
20040
Convert -2542 (base 7) to base 12.
-681
212b (base 13) to base 16
11f8
Convert -42320 (base 7) to base 6.
-120215
Convert -254 (base 9) to base 7.
-421
Convert 634 (base 9) to base 16.
205
-3332 (base 4) to base 13
-167
Convert -113 (base 4) to base 15.
-18
46 (base 10) to base 4
232
Convert -2041302 (base 5) to base 14.
-c532
What is 22103 (base 4) in base 5?
10114
Convert -120021 (base 3) to base 12.
-2a4
What is -2202132 (base 4) in base 9?
-15233
What is 915 (base 10) in base 6?
4123
Convert 2 (base 4) to base 13.
2
-337 (base 12) to base 6
-2111
4014 (base 6) to base 12
60a
Convert -47aa (base 12) to base 11.
-6059
What is -2549 (base